{"id":864,"date":"2021-03-18T16:28:17","date_gmt":"2021-03-18T15:28:17","guid":{"rendered":"http:\/\/adeleverlinden.fr\/?page_id=864"},"modified":"2023-06-07T17:02:18","modified_gmt":"2023-06-07T15:02:18","slug":"info-contact","status":"publish","type":"page","link":"http:\/\/adeleverlinden.fr\/index.php\/info-contact\/","title":{"rendered":"Info &#038; contact"},"content":{"rendered":"<h2 style=\"margin-bottom: 0px; font-size: 25px; color: #afffce; font-family: 'Open Sans', Arial, sans-serif; letter-spacing: 3px;\">\u00c0 PROPOS<\/br>\u2014<\/h2>\n<div class=\"articleprincipal\" style=\"margin-top: -25px; margin-right: 100px; padding-bottom: 20px; color: #000000;\">\n<div id=\"intro\" style=\"margin-top: 0px; float: left; margin-right: 25px; width: 30%; min-width: 300px; font-size: 17px;\">\n\t\t<img decoding=\"async\" style=\"margin-top: 0px; width: 100%; border: 15px solid #fff;\" src=\"http:\/\/www.adeleverlinden.fr\/wordpress\/wp-content\/themes\/cyclus\/images\/portrait-adele-site.png\" alt=\"Ad\u00e8le travaille\" \/>\n\t<\/div>\n<div id=\"etudes\" style=\"margin-top: 0px; float: left; margin-right: 25px; width: 30%; min-width: 300px; font-size: 13px;\">\nDipl\u00f4m\u00e9e de l&rsquo;\u00e9cole Estienne en 2013 et des Arts D\u00e9co de Strasbourg en 2016, Ad\u00e8le Verlinden est une autrice et une illustratrice n\u00e9e en France, un mardi de f\u00e9vrier 1992. Elle a grandi en Afrique de l&rsquo;Ouest puis dans une for\u00eat au Sud de Paris. Amoureuse des chats et des arbres depuis le berceau, ses histoires sont empreintes de nature, de magie et d&rsquo;h\u00e9ro\u00efnes au caract\u00e8re bien tremp\u00e9.\u2028Elle croit dur comme fer au pouvoir de la fiction pour changer le monde et, \u00e0 d\u00e9faut, \u00e0 celui des images pour s&rsquo;envoler un peu en attendant l\u2019apocalypse. Son dernier album, Polly et les trois chiens, est paru aux \u00e9ditions Les Fourmis Rouges.<\/p><\/div>\n<div id=\"pro\" style=\"padding-bottom: 30px; margin-top: 0px; float: left; width: 30%; min-width: 300px; font-size: 13px;\">\n<span style=\"font-weight:bold;\">Elle a dessin\u00e9 pour :<\/span> Les Fourmis Rouges, Biscoto, Topo, Sulo, Magnani, Le Trainailleur, Zeit Leo, Maison Fumetti, Le Fl\u00fbtiste, Bien Monsieur, Colorama,&#8230;<br \/>\n<span style=\"font-weight:bold;\">Elle a particip\u00e9 \u00e0 des expositions :<\/span> \u00e0 Vevey (Pictobello), \u00e0 Tokyo (Kioi Rose Exhibition, Itabashi Art Museum), \u00e0 Bologne (2022 Illustrators&rsquo; Exhibition), \u00e0 S\u00e9oul (CCOC), \u00e0 Paris (Le Mus\u00e9e de Poche, la R\u00e9guli\u00e8re, la galerie Treize-Dix), \u00e0 Brussels (Librairie Candide), \u00e0 Marseille (Le Poisson Lune), \u00e0 Strasbourg (Quai des Brumes) et \u00e0 Nantes, bien s\u00fbr (Le Petit B, M\u00e9diath\u00e8que Floresca Gu\u00e9pin) !<\/p>\n<p><strong>Contact <a href=\"mailto:adele.verlinden@gmail.com\">adele.verlinden(at)gmail.com<\/a>.<\/strong><\/p>\n<p>Ce site a \u00e9t\u00e9 con\u00e7u par <a href=\"http:\/\/www.juliettemaroni.fr\/\"><strong>Juliette Maroni<\/strong><\/a>, un immense merci \u00e0 elle !\n\t<\/div>\n<\/div>\n","protected":false},"excerpt":{"rendered":"<p>\u00c0 PROPOS\u2014 Dipl\u00f4m\u00e9e de l&rsquo;\u00e9cole Estienne en 2013 et des Arts D\u00e9co de Strasbourg en 2016, Ad\u00e8le Verlinden est une autrice et une illustratrice n\u00e9e en France, un mardi de f\u00e9vrier 1992. Elle a grandi en Afrique de l&rsquo;Ouest puis dans une for\u00eat au Sud de Paris. Amoureuse des chats et des arbres depuis le berceau, ses histoires sont empreintes de nature, de magie et d&rsquo;h\u00e9ro\u00efnes au caract\u00e8re bien tremp\u00e9.\u2028Elle croit dur comme fer au pouvoir de la fiction pour changer le monde et, \u00e0 d\u00e9faut, \u00e0 celui des images pour s&rsquo;envoler un peu en attendant l\u2019apocalypse. Son dernier album, Polly et les trois chiens, est paru aux \u00e9ditions Les Fourmis Rouges. Elle a dessin\u00e9 pour : Les Fourmis Rouges, Biscoto, Topo, Sulo, Magnani, Le Trainailleur, Zeit Leo, Maison Fumetti, Le Fl\u00fbtiste, Bien Monsieur, Colorama,&#8230; Elle a particip\u00e9 \u00e0 des expositions : \u00e0 Vevey (Pictobello), \u00e0 Tokyo (Kioi Rose Exhibition, Itabashi Art Museum), \u00e0 Bologne (2022 Illustrators&rsquo; Exhibition), \u00e0 S\u00e9oul (CCOC), \u00e0 Paris (Le Mus\u00e9e de Poche, la R\u00e9guli\u00e8re, la galerie Treize-Dix), \u00e0 Brussels (Librairie Candide), \u00e0 Marseille (Le Poisson Lune), \u00e0 Strasbourg (Quai des Brumes) et \u00e0 Nantes, bien s\u00fbr (Le Petit B, M\u00e9diath\u00e8que Floresca Gu\u00e9pin) ! Contact adele.verlinden(at)gmail.com. [&hellip;]<\/p>\n","protected":false},"author":1,"featured_media":0,"parent":0,"menu_order":0,"comment_status":"closed","ping_status":"closed","template":"","meta":[],"_links":{"self":[{"href":"http:\/\/adeleverlinden.fr\/index.php\/wp-json\/wp\/v2\/pages\/864"}],"collection":[{"href":"http:\/\/adeleverlinden.fr\/index.php\/wp-json\/wp\/v2\/pages"}],"about":[{"href":"http:\/\/adeleverlinden.fr\/index.php\/wp-json\/wp\/v2\/types\/page"}],"author":[{"embeddable":true,"href":"http:\/\/adeleverlinden.fr\/index.php\/wp-json\/wp\/v2\/users\/1"}],"replies":[{"embeddable":true,"href":"http:\/\/adeleverlinden.fr\/index.php\/wp-json\/wp\/v2\/comments?post=864"}],"version-history":[{"count":28,"href":"http:\/\/adeleverlinden.fr\/index.php\/wp-json\/wp\/v2\/pages\/864\/revisions"}],"predecessor-version":[{"id":1274,"href":"http:\/\/adeleverlinden.fr\/index.php\/wp-json\/wp\/v2\/pages\/864\/revisions\/1274"}],"wp:attachment":[{"href":"http:\/\/adeleverlinden.fr\/index.php\/wp-json\/wp\/v2\/media?parent=864"}],"curies":[{"name":"wp","href":"https:\/\/api.w.org\/{rel}","templated":true}]}}

<h2 style="margin-bottom: 0px; font-size: 25px; color: #afffce; font-family: 'Open Sans', Arial, sans-serif; letter-spacing: 3px;">À PROPOS</br>—</h2>
<div class="articleprincipal" style="margin-top: -25px; margin-right: 100px; padding-bottom: 20px; color: #000000;">
<div id="intro" style="margin-top: 0px; float: left; margin-right: 25px; width: 30%; min-width: 300px; font-size: 17px;">
		<img decoding="async" style="margin-top: 0px; width: 100%; border: 15px solid #fff;" src="http://www.adeleverlinden.fr/wordpress/wp-content/themes/cyclus/images/portrait-adele-site.png" alt="Adèle travaille" />
	</div>
<div id="etudes" style="margin-top: 0px; float: left; margin-right: 25px; width: 30%; min-width: 300px; font-size: 13px;">
Diplômée de l&rsquo;école Estienne en 2013 et des Arts Déco de Strasbourg en 2016, Adèle Verlinden est une autrice et une illustratrice née en France, un mardi de février 1992. Elle a grandi en Afrique de l&rsquo;Ouest puis dans une forêt au Sud de Paris. Amoureuse des chats et des arbres depuis le berceau, ses histoires sont empreintes de nature, de magie et d&rsquo;héroïnes au caractère bien trempé. Elle croit dur comme fer au pouvoir de la fiction pour changer le monde et, à défaut, à celui des images pour s&rsquo;envoler un peu en attendant l’apocalypse. Son dernier album, Polly et les trois chiens, est paru aux éditions Les Fourmis Rouges.</p></div>
<div id="pro" style="padding-bottom: 30px; margin-top: 0px; float: left; width: 30%; min-width: 300px; font-size: 13px;">
<span style="font-weight:bold;">Elle a dessiné pour :</span> Les Fourmis Rouges, Biscoto, Topo, Sulo, Magnani, Le Trainailleur, Zeit Leo, Maison Fumetti, Le Flûtiste, Bien Monsieur, Colorama,&#8230;<br />
<span style="font-weight:bold;">Elle a participé à des expositions :</span> à Vevey (Pictobello), à Tokyo (Kioi Rose Exhibition, Itabashi Art Museum), à Bologne (2022 Illustrators&rsquo; Exhibition), à Séoul (CCOC), à Paris (Le Musée de Poche, la Régulière, la galerie Treize-Dix), à Brussels (Librairie Candide), à Marseille (Le Poisson Lune), à Strasbourg (Quai des Brumes) et à Nantes, bien sûr (Le Petit B, Médiathèque Floresca Guépin) !</p>
<p><strong>Contact <a href="mailto:adele.verlinden@gmail.com">adele.verlinden(at)gmail.com</a>.</strong></p>
<p>Ce site a été conçu par <a href="http://www.juliettemaroni.fr/"><strong>Juliette Maroni</strong></a>, un immense merci à elle !
	</div>
</div>

<p>À PROPOS— Diplômée de l&rsquo;école Estienne en 2013 et des Arts Déco de Strasbourg en 2016, Adèle Verlinden est une autrice et une illustratrice née en France, un mardi de février 1992. Elle a grandi en Afrique de l&rsquo;Ouest puis dans une forêt au Sud de Paris. Amoureuse des chats et des arbres depuis le berceau, ses histoires sont empreintes de nature, de magie et d&rsquo;héroïnes au caractère bien trempé. Elle croit dur comme fer au pouvoir de la fiction pour changer le monde et, à défaut, à celui des images pour s&rsquo;envoler un peu en attendant l’apocalypse. Son dernier album, Polly et les trois chiens, est paru aux éditions Les Fourmis Rouges. Elle a dessiné pour : Les Fourmis Rouges, Biscoto, Topo, Sulo, Magnani, Le Trainailleur, Zeit Leo, Maison Fumetti, Le Flûtiste, Bien Monsieur, Colorama,&#8230; Elle a participé à des expositions : à Vevey (Pictobello), à Tokyo (Kioi Rose Exhibition, Itabashi Art Museum), à Bologne (2022 Illustrators&rsquo; Exhibition), à Séoul (CCOC), à Paris (Le Musée de Poche, la Régulière, la galerie Treize-Dix), à Brussels (Librairie Candide), à Marseille (Le Poisson Lune), à Strasbourg (Quai des Brumes) et à Nantes, bien sûr (Le Petit B, Médiathèque Floresca Guépin) ! Contact adele.verlinden(at)gmail.com. [&hellip;]</p>
